e greatest common factor of 75670 and 2944?
46
Calculate the highest common factor of 7502 and 304854.
682
Calculate the highest common factor of 31309 and 131.
131
Calculate the highest common divisor of 1145352 and 12.
12
Calculate the highest common factor of 10496 and 7339.
41
What is the greatest common divisor of 92875 and 5201?
743
Calculate the highest common divisor of 118384 and 3775.
151
Calculate the highest common divisor of 102 and 377842.
34
Calculate the greatest common divisor of 401585 and 5.
5
What is the greatest common factor of 536 and 5427?
67
What is the highest common factor of 7920 and 1045?
55
Calculate the highest common divisor of 23129 and 16059.
101
Calculate the greatest common factor of 410 and 24887.
41
What is the highest common factor of 11882967 and 226?
113
What is the highest common divisor of 170 and 1605?
5
What is the highest common factor of 476 and 44226?
14
What is the greatest common divisor of 85 and 93245?
85
Calculate the highest common factor of 274270 and 10.
10
Calculate the greatest common factor of 17 and 531284.
17
What is the highest common divisor of 526991 and 37?
37
Calculate the highest common factor of 1207 and 5253.
17
What is the highest common factor of 4210 and 1370?
10
What is the greatest common factor of 870 and 11049?
87
Calculate the greatest common factor of 1764 and 162540.
252
What is the highest common divisor of 103137 and 279?
93
Calculate the highest common factor of 450498 and 6.
6
Calculate the greatest common divisor of 197289 and 189.
27
Calculate the highest common factor of 48 and 294822.
6
Calculate the greatest common divisor of 2466 and 900.
18
Calculate the highest common divisor of 4080 and 837590.
170
Calculate the greatest common divisor of 239892 and 960.
12
Calculate the greatest common divisor of 11223 and 6579.
387
Calculate the greatest common divisor of 88 and 230504.
8
Calculate the highest common divisor of 8658 and 2257.
37
What is the highest common factor of 17235 and 90?
45
What is the highest common divisor of 378 and 348054?
42
What is the greatest common factor of 105 and 110845?
35
What is the greatest common divisor of 36 and 123792?
12
Calculate the greatest common factor of 171 and 7587.
9
What is the greatest common divisor of 173775 and 1050?
525
What is the highest common divisor of 280 and 10738?
14
What is the greatest common divisor of 29713 and 43?
43
What is the highest common factor of 123252 and 36?
12
Calculate the greatest common factor of 252 and 1822653.
63
Calculate the highest common factor of 9537 and 100861.
289
Calculate the highest common divisor of 316112 and 368.
368
What is the greatest common factor of 1486 and 4?
2
What is the greatest common factor of 75 and 5222?
1
What is the greatest common divisor of 64340 and 40?
20
Calculate the greatest common divisor of 1428701 and 997.
997
What is the greatest common divisor of 38402 and 273?
91
What is the highest common divisor of 451 and 28987?
41
What is the highest common divisor of 1154 and 4667353?
577
What is the greatest common divisor of 968 and 53119?
121
What is the greatest common factor of 7315 and 3157?
77
What is the greatest common factor of 154548 and 212?
212
Calculate the highest common factor of 20822 and 28246.
58
What is the highest common factor of 1860 and 118792?
124
What is the highest common factor of 3263 and 344623?
251
What is the greatest common factor of 36 and 18477?
9
What is the greatest common divisor of 354 and 2046651?
177
What is the highest common divisor of 25408 and 128?
64
What is the greatest common factor of 10643 and 841?
29
What is the highest common divisor of 2387 and 6262?
31
What is the highest common divisor of 1343 and 51595?
17
Calculate the greatest common divisor of 6075964 and 116.
116
Calculate the greatest common factor of 66 and 2874.
6
Calculate the greatest common divisor of 20480 and 2840.
40
What is the highest common divisor of 4648 and 516?
4
What is the highest common factor of 266547 and 368?
23
Calculate the greatest common divisor of 164444 and 196.
196
Calculate the greatest common divisor of 7984 and 5489.
499
Calculate the greatest common factor of 36443 and 11.
11
What is the greatest common factor of 33234 and 493?
29
Calculate the highest common factor of 49 and 38087.
7
Calculate the highest common divisor of 18816 and 2009.
49
Calculate the highest common divisor of 57296 and 800.
16
What is the highest common divisor of 270870 and 30?
30
What is the highest common divisor of 4356 and 18216?
396
Calculate the highest common factor of 80 and 7703760.
80
Calculate the highest common factor of 28693 and 28.
7
What is the greatest common divisor of 1930 and 470?
10
Calculate the highest common factor of 424623 and 531.
177
What is the highest common divisor of 3220 and 142520?
140
What is the greatest common divisor of 196 and 171598?
98
What is the highest common divisor of 579 and 57?
3
What is the greatest common divisor of 237758 and 530?
106
What is the highest common factor of 188 and 479729?
47
What is the highest common factor of 913 and 62831?
83
Calculate the greatest common factor of 329583 and 366.
183
Calculate the highest common divisor of 746460 and 261.
261
Calculate the highest common factor of 3286 and 48548.
106
Calculate the greatest common factor of 521771 and 313.
313
Calculate the greatest common factor of 1151920 and 187.
187
Calculate the highest common factor of 81950 and 2090.
110
Calculate the greatest common factor of 225 and 5753850.
75
Calculate the greatest common divisor of 104 and 33358.
26
Calculate the highest common factor of 105 and 216370.
35
Calculate the highest common divisor of 32195 and 2115.
235
Calculate the greatest common divisor of 4864 and 25460.
76
Calculate the greatest common divisor of 238 and 30634.
34
Calculate the highest common divisor of 1463 and 6930.
77
Calculate the highest common factor of 2997 and 4044951.
999
Calculate the greatest common divisor of 3109589 and 1666.
833
Calculate the greatest common divisor of 5457 and 391.
17
What is the greatest common factor of 357 and 36813?
21
Calculate the greatest common factor of 324 and 117396.
108
What is the greatest common divisor of 88344 and 810?
54
What is the highest common factor of 140 and 39580?
20
What is the greatest common divisor of 554458 and 38?
38
Calculate the highest common divisor of 45290 and 1890.
70
What is the highest common factor of 289 and 429?
1
Calculate the highest common divisor of 53599 and 13.
13
What is the highest common factor of 564 and 37506?
282
Calculate the greatest common divisor of 201115 and 870.
145
What is the greatest common divisor of 78 and 900186?
6
What is the highest common divisor of 1590 and 5088?
318
What is the highest common factor of 12258 and 1728?
54
Calculate the greatest common divisor of 91 and 78281.
7
Calculate the highest common factor of 2720 and 72352.
544
What is the highest common factor of 266 and 1714807?
19
Calculate the greatest common factor of 4154 and 1798.
62
Calculate the greatest common factor of 8604 and 24.
12
What is the greatest common factor of 96410 and 310?
310
What is the greatest common factor of 92 and 1600?
4
Calculate the greatest common factor of 62759 and 388.
97
Calculate the greatest common divisor of 6 and 399426.
6
Calculate the highest common factor of 2669 and 629.
17
Calculate the highest common factor of 8 and 653656.
8
Calculate the greatest common factor of 15503 and 10952.
37
What is the greatest common factor of 681377 and 1076?
269
What is the greatest common divisor of 22 and 356774?
22
Calculate the greatest common factor of 4 and 63794.
2
Calculate the greatest common divisor of 6213 and 2725.
109
Calculate the highest common factor of 23531189 and 11.
11
Calculate the greatest common divisor of 38478 and 265.
53
What is the highest common factor of 13 and 1126255?
13
What is the highest common divisor of 16 and 10708?
4
Calculate the greatest common divisor of 1905 and 4395.
15
What is the greatest common factor of 441 and 300321?
441
What is the greatest common factor of 772538 and 3354?
1118
Calculate the highest common factor of 41370 and 210.
210
What is the greatest com